t is the remainder when 84866 is divided by 2824?
146
Calculate the remainder when 2469355 is divided by 4009.
3820
What is the remainder when 1938619 is divided by 1756?
1751
What is the remainder when 725079 is divided by 1543?
1412
Calculate the remainder when 403325 is divided by 1077.
527
Calculate the remainder when 133749 is divided by 4072.
3445
Calculate the remainder when 173253 is divided by 4373.
2706
Calculate the remainder when 509875 is divided by 7075.
475
What is the remainder when 86984 is divided by 584?
552
Calculate the remainder when 331221 is divided by 1657.
1478
What is the remainder when 1074211 is divided by 536967?
277
Calculate the remainder when 73973895 is divided by 19209.
36
What is the remainder when 104902710 is divided by 57?
24
What is the remainder when 100240 is divided by 13825?
3465
What is the remainder when 68290 is divided by 8304?
1858
Calculate the remainder when 52285 is divided by 25692.
901
What is the remainder when 42014044 is divided by 105?
79
What is the remainder when 69388688 is divided by 783?
11
Calculate the remainder when 4686626 is divided by 37.
21
What is the remainder when 5806792 is divided by 1935513?
253
What is the remainder when 5287773 is divided by 304?
301
What is the remainder when 195360701 is divided by 41?
6
Calculate the remainder when 361701 is divided by 592.
581
What is the remainder when 5191746 is divided by 87994?
100
What is the remainder when 83922499 is divided by 32?
3
Calculate the remainder when 65299551 is divided by 3367.
3320
What is the remainder when 21423 is divided by 1317?
351
Calculate the remainder when 872419 is divided by 1308.
1291
What is the remainder when 1930515 is divided by 482621?
31
What is the remainder when 635429 is divided by 317709?
11
Calculate the remainder when 168873740 is divided by 159.
158
What is the remainder when 13637929 is divided by 723?
703
Calculate the remainder when 1094281 is divided by 364668.
277
Calculate the remainder when 518418 is divided by 517219.
1199
What is the remainder when 14824214 is divided by 16508?
30
Calculate the remainder when 70385 is divided by 5898.
5507
What is the remainder when 62698722 is divided by 52688?
2
Calculate the remainder when 1042931 is divided by 32591.
19
Calculate the remainder when 120836263 is divided by 69.
13
Calculate the remainder when 5501757 is divided by 660.
657
Calculate the remainder when 216350 is divided by 26966.
622
Calculate the remainder when 43349577 is divided by 6801.
3
What is the remainder when 3193603 is divided by 22?
17
Calculate the remainder when 1931451 is divided by 193144.
11
Calculate the remainder when 29334 is divided by 27964.
1370
What is the remainder when 32065 is divided by 3514?
439
What is the remainder when 40813247 is divided by 10203287?
99
Calculate the remainder when 158144408 is divided by 38.
36
What is the remainder when 423978 is divided by 1730?
128
What is the remainder when 282187 is divided by 321?
28
What is the remainder when 51217 is divided by 6395?
57
What is the remainder when 5221 is divided by 53?
27
Calculate the remainder when 263663 is divided by 2904.
2303
What is the remainder when 3194605 is divided by 34?
33
Calculate the remainder when 68497 is divided by 1114.
543
What is the remainder when 9776162 is divided by 57?
35
What is the remainder when 54333770 is divided by 138?
134
What is the remainder when 42785356 is divided by 19264?
12
What is the remainder when 252278 is divided by 783?
152
Calculate the remainder when 39415 is divided by 7380.
2515
Calculate the remainder when 18030236 is divided by 86269.
15
What is the remainder when 13540203 is divided by 2825?
2803
Calculate the remainder when 243440 is divided by 30419.
88
Calculate the remainder when 15304226 is divided by 3515.
3431
What is the remainder when 201091 is divided by 98105?
4881
Calculate the remainder when 15271896 is divided by 636329.
0
Calculate the remainder when 10847511 is divided by 279.
270
What is the remainder when 75668 is divided by 37795?
78
Calculate the remainder when 45984974 is divided by 75.
74
Calculate the remainder when 498132077 is divided by 107.
104
Calculate the remainder when 3721320 is divided by 53.
31
Calculate the remainder when 142983 is divided by 28270.
1633
Calculate the remainder when 131755814 is divided by 135.
134
What is the remainder when 3348359 is divided by 21192?
23
What is the remainder when 597789 is divided by 847?
654
What is the remainder when 1759753 is divided by 531?
19
What is the remainder when 805001 is divided by 145?
106
What is the remainder when 68244508 is divided by 33?
13
What is the remainder when 255181 is divided by 3261?
823
What is the remainder when 44860481 is divided by 18?
17
What is the remainder when 16466092 is divided by 484296?
28
Calculate the remainder when 29293001 is divided by 181944.
17
Calculate the remainder when 189724 is divided by 189723.
1
What is the remainder when 47235776 is divided by 1305?
1301
What is the remainder when 3222401 is divided by 1468?
141
Calculate the remainder when 136445 is divided by 18.
5
What is the remainder when 41646136 is divided by 8329212?
76
What is the remainder when 57984155 is divided by 107?
106
What is the remainder when 370990 is divided by 20610?
10
What is the remainder when 457034 is divided by 1873?
22
What is the remainder when 15518049 is divided by 1341?
1338
Calculate the remainder when 6367748 is divided by 3183872.
4
Calculate the remainder when 197592 is divided by 225.
42
What is the remainder when 31214491 is divided by 31214480?
11
Calculate the remainder when 23073 is divided by 5564.
817
What is the remainder when 67310 is divided by 32251?
2808
Calculate the remainder when 322282 is divided by 26602.
3058
Calculate the remainder when 8588579 is divided by 28439.
1
What is the remainder when 4473127 is divided by 19?
14
What is the remainder when 16603477 is divided by 234?
7
Calculate the remainder when 85942198 is divided by 614.
4
What is the remainder when 215404 is divided by 675?
79
Calculate the remainder when 747298 is divided by 149411.
243
What is the remainder when 153690 is divided by 113?
10
What is the remainder when 525288 is divided by 938?
8
Calculate the remainder when 2770114 is divided by 1134.
886
Calculate the remainder when 3003617 is divided by 125.
117
What is the remainder when 21691 is divided by 913?
692
Calculate the remainder when 58215836 is divided by 827.
825
What is the remainder when 551177 is divided by 23910?
1247
What is the remainder when 12284204 is divided by 425?
4
Calculate the remainder when 11070404 is divided by 1212.
1208
Calculate the remainder when 476571 is divided by 154.
95
Calculate the remainder when 180513 is divided by 3773.
3182
What is the remainder when 189239 is divided by 430?
39
Calculate the remainder when 254699 is divided by 3894.
1589
Calculate the remainder when 2486661 is divided by 828887.
0
What is the remainder when 18698862 is divided by 1507?
6
Calculate the remainder when 22156037 is divided by 196.
1
What is the remainder when 6129056 is divided by 237?
236
Calculate the remainder when 34380183 is divided by 108.
3
What is the remainder when 2493011 is divided by 95885?
1
What is the remainder when 1593846806 is divided by 45?
41
Calculate the remainder when 25868705 is divided by 282.
281
Calculate the remainder when 860697372 is divided by 4101.
4098
Calculate the remainder when 1713711 is divided by 620.
31
What is the remainder when 242583 is divided by 242559?
24
What is the remainder when 80561 is divided by 2518?
2503
Calculate the remainder when 648153 is divided by 13.
12
What is the remainder when 7485441 is divided by 1871360?
1
Calculate the remainder when 16216 is divided by 1511.
1106
Calculate the remainder when 411384 is divided by 297.
39
Calculate the remainder when 1871780 is divided by 134.
68
Calculate the remainder when 3541902 is divided by 1770948.
6
Calculate the remainder when 157529 is divided by 157478.
51
What is the remainder when 441215 is divided by 40?
15
What is the remainder when 7973521 is divided by 106?
95
What is the remainder when 3077103 is divided by 37?
35
Calculate the